-3 + 6 - (-12)/(-18)*1*-423921 a prime number?
True
Is 572964 - (-24)/192*-8 a prime number?
True
Let h(l) = 4690*l**2 + 2*l - 1. Suppose 0*b + b = -j + 2, -5*j + 4 = -b. Is h(j) a prime number?
True
Let g(u) = -5*u**2 + 2893*u - 23. Is g(104) composite?
False
Let j be (-210700)/(-21)*24 + 5. Suppose 14*t - j = -3*t. Is t a composite number?
True
Suppose -3942 + 18 = -6*c. Suppose 5*o = -o + c. Let a = 200 - o. Is a prime?
False
Is 439534/2 - (29 + -8 - 21) prime?
True
Let j = -487518 + 1148161. Is j composite?
False
Let z be (4/(-3) - -1)/(3/(-153)). Let w = z + -16. Is w + 1/(20/16)*1150 a composite number?
True
Let q = -1271 - -20044. Is q prime?
True
Let v = -1688713 + 2997578. Is v prime?
False
Let y(o) be the first derivative of -o**3/3 + o**2/2 + 409*o - 2. Let w = 10 - 10. Is y(w) a composite number?
False
Let n = 14003 - 7028. Suppose 8*c - 6*c = 5*j - n, 0 = 5*j + 5*c - 7010. Is j composite?
True
Is (3/(-18) - 17/51)*-247778 a prime number?
False
Let t be 2/4*(-6 - 12/(-3)). Is t*3*((-15636)/9 + -5) prime?
True
Let z be 3/((-15)/175*-7). Suppose -z*m + 3*t + 147 = 5*t, 5*t = -m + 11. Is m a prime number?
True
Is (-398224344)/(-2190) - 6/10 prime?
True
Let f be ((-5)/(20/(-24)))/(-1). Let y be 130/f - 2/(-3). Is (280/y + 6)/(2/(-141)) a composite number?
True
Let i be 2/(-4)*2*1. Let o be 6/(-10) + i + 66/10. Suppose 5*l - o*n - 8675 = 0, 0 = -11*n + 9*n. Is l composite?
True
Suppose -3*t = o - 4*o, 4*t - 24 = -4*o. Let c be t - 3*(-2)/6. Suppose 3*u + 1098 = -c*w + 8899, 3*w - 5*u - 5858 = 0. Is w prime?
True
Suppose 67*h = 57*h + 7882510. Is h composite?
True
Suppose 642 - 73812 = -17*o + 152267. Is o composite?
True
Let s(u) = 4*u + 103. Let j(z) = -7*z - 207. Let m(p) = 3*j(p) + 5*s(p). Let k be m(0). Let l = k + 487. Is l a composite number?
True
Suppose 18465 = -12*k - 41*k + 17340296. Is k a composite number?
True
Let b be 1*2/4*(58814 - 24). Let p = 44364 - b. Is p a composite number?
False
Is 21881*(28 + -14)/14 a composite number?
False
Let l = -17991 - -28705. Suppose 62*a = 60*a + l. Is a composite?
True
Is 5/10*(8494 + 20/5) composite?
True
Suppose -2 = d, a - 5*d - 6 - 4 = 0. Suppose a = -5*k - 0*k + 100. Is 5885/k - 1/(4/(-3)) a composite number?
True
Suppose -21*n - 49381674 = -110*n - 6943181. Is n a composite number?
True
Suppose 2*j + 3*o - 8 = -4, 0 = 5*j + o - 10. Let z be (3/(-9))/(j/(-18)). Suppose 0 = -2*a - z*a + 5245. Is a composite?
False
Let a be 6/15 - (5 - (-394585)/25). Is a*(70/(-120))/(1/3) prime?
False
Suppose 0 = 27*w - 22*w + 5*v - 3592565, -4*w - v + 2874046 = 0. Is w prime?
True
Let w(d) = 1173*d - 8. Let t be w(7). Suppose 0 = -12*u + 25*u - t. Is u a prime number?
True
Suppose -5*u = -5*b + 115, -2*b + 4*u + u + 46 = 0. Let a(s) = 149*s + 232. Is a(b) composite?
False
Let j(i) be the second derivative of 161*i**4/12 + i**3/6 + 19*i**2/2 - 17*i. Is j(4) prime?
False
Let k = -38 - -38. Suppose -5*m + k*p = 3*p, 3*p = m. Suppose -6*s + s + 6805 = m. Is s a composite number?
False
Suppose -15253710 = -143*a - 2478233. Is a prime?
False
Let l(i) = 997*i**2 + 736*i - 82. Is l(-13) prime?
True
Let g(q) = 1303*q**2 - 20*q + 25. Is g(8) prime?
True
Let j(v) = -2*v - 9. Let x be j(-6). Let m = -8121 + 8130. Is 569 + ((-24)/m)/(-2)*x prime?
False
Suppose -9 = -3*g + 3. Let j be (-2)/3*(2 - 26/g). Suppose -5*t - 7076 = -3*y, -2*t = -2*y + j*t + 4719. Is y composite?
False
Let j = 540600 - -179863. Is j a prime number?
False
Let a = 3175 - -3367. Is a composite?
True
Let x = -356 - -360. Suppose 2*u + 9870 + 676 = 2*k, 0 = -x*k + 3*u + 21088. Is k a prime number?
False
Suppose -o - 1 = 0, -x = -6*o + 9*o. Suppose 0 = -x*s + 3*q + 9591, -3*s - 4*q = -8278 - 1313. Suppose 5*w - 6211 = -2*f - 906, -3*w = 4*f - s. Is w prime?
False
Suppose -14*s + 4772 + 41890 = 0. Suppose 3*j - 3*y - 5748 = 0, -3*j - 2*y = -2440 - s. Is j prime?
False
Let d = 99039 - 56482. Is d composite?
False
Let m(k) = 252*k**2 - k. Let b(i) = -i**2 + 4*i + 2. Let q be b(4). Let a be m(q). Let n = 1815 - a. Is n prime?
True
Let s(k) = -202*k**3 - k**2 - 6*k - 36. Let m(c) = -3*c**2 - c - 1. Let j be m(1). Is s(j) a prime number?
True
Let y = -14830 - -30641. Suppose -12*o + y + 23081 = 0. Is o a composite number?
True
Let u = -42 - -42. Suppose 2*v + 5*w - 973 = 0, 3*v + u*v = 2*w + 1412. Suppose 2*d + 2*r = v + 1946, -2*d = -5*r - 2427. Is d composite?
True
Suppose 16*p = 36*p - 60. Let i(z) = 2913*z + 40. Is i(p) composite?
False
Suppose -7*h = -10*h + 33. Suppose h*d = 13*d - 16. Suppose j = -d*j + 189. Is j a prime number?
False
Let l(p) be the second derivative of 10*p - 2*p**3 + 7/2*p**2 + 5/6*p**4 + 0. Is l(-15) prime?
True
Suppose 7*s = 10*s + 5*c + 30634, -2*c + 30599 = -3*s. Is (-32)/8 + 3 - s a prime number?
False
Is -1574 - -1565 - ((-1 - -1) + -2248642) a prime number?
True
Suppose 3*q - 5*y - 6 = 36, q - y = 12. Let l be ((-6)/3)/(-1 + 3/q). Let m(v) = 44*v**2 - 2*v - 1. Is m(l) a composite number?
False
Suppose 8 + 2 = 2*p, y - 2*p = -322. Let b = y + 1038. Suppose 3*i - b = 339. Is i prime?
False
Let t = -19229 - -137650. Is t a composite number?
True
Let j = 209 - 207. Is -17 + 11 - (-170)/j a prime number?
True
Let y be (-68)/(-136) + (-289)/2. Is (-10)/(-12) - 48984/y a composite number?
True
Is ((-8)/(-92) - 1232/(-644))*937298/4 composite?
True
Let x(p) = p - 7*p - 1837*p**2 + 918*p**2 + 6 + 913*p**2 + 5*p**3. Let c(i) = -i**2 + 10*i + 5. Let m be c(10). Is x(m) composite?
True
Let a = 6228 - 1818. Suppose 0 = 5*o - 5*r - a, -5*r + 0*r - 25 = 0. Is o prime?
True
Suppose -70*m = 4*i - 74*m - 595952, 3*i - 4*m - 446961 = 0. Is i a composite number?
False
Let o be -3 + -3 + 3 + -4. Let s(d) = d**3 + 7*d**2 + 2*d + 5. Let k be s(o). Is (-58541)/(-63) - (-2)/k a prime number?
True
Let t = 687093 + -234430. Is t prime?
False
Let a = 179077 - 98910. Is a a composite number?
False
Let r(n) = 4210*n**3 + 9*n**2 - 8*n. Let w = -42 - -43. Is r(w) prime?
True
Let v be ((-10)/6)/((-7)/84). Suppose 4752 = 11*p - 7*p. Is p/v - 6/15 a composite number?
False
Let d = -15849 - -44450. Is d a prime number?
False
Suppose 0 = 2*w + i + i - 8, -5*w - 16 = -4*i. Suppose 5*s + 0*s - 50 = w. Suppose s = 2*d, 4*g + 58 = 4*d + 546. Is g a composite number?
False
Let r(y) be the third derivative of -11/6*y**3 - 14*y**2 - 131/12*y**4 + 0 + 0*y. Is r(-5) composite?
True
Let g(z) = -316*z**3 + 11*z**2 + 32*z + 44. Is g(-9) composite?
True
Suppose 29*a + 8107 = 40*a. Suppose 0 = 3*u, -x = 3*u - a - 4442. Is x composite?
False
Let s be (33/22)/((-6)/(-8)). Suppose 7*r = s*r + 125. Suppose -3*d - 2478 = -5*f + 2*f, -5*d = r. Is f prime?
True
Suppose 3*k + 9043 = 5*l, 5*k - 4*l = -1377 - 13712. Let z = k + 4358. Is z prime?
False
Let m(q) = -28*q - 25. Let n be m(-6). Suppose -2*u + 103 = -3*y + 791, -2*u + 4*y = 692. Let o = n - u. Is o prime?
False
Let f(u) = 4*u + 21*u**2 + 0*u + 11 + 0*u. Let x = 3104 + -3110. Is f(x) prime?
True
Let i(t) = -24768*t - 4157. Is i(-83) a composite number?
False
Let b(g) = 1 + g**3 - 4*g - 8 + 2*g**3 + 24*g**2 - 9 - 10*g. Is b(9) a composite number?
False
Suppose 34 - 4 = 2*l. Suppose 44*s - 94859 = l*s. Is s prime?
True
Suppose -15*m - 2*d = -13*m - 9296, 2*d - 6 = 0. Is m a composite number?
True
Is (((-825939)/12)/(-3))/((165/11)/60) composite?
False
Let a = 666169 - 371362. Is a composite?
True
Suppose -39*y + 3436717 = 529891. Suppose -y = -2*k + 4*g, -3*g = -4*k - 5*g + 149038. Is k a prime number?
False
Let w(o) = -146*o**3 + 12*o**2 - 35*o - 243. Is w(-8) a composite number?
False
Suppose 4*w + w - 113 = h, 10 = w + 4*h. Suppose -18 = -5*x + 4*b, -3*x + 11*b - 7*b + 14 = 0. Is (x/1)/(w/15367) prime?
False
Is (1 - (0 + 70/14)) + 139397 composite?
False
Is (-9)/((-63)/696241) + 36/6 composite?
False
Let g(a) = 2*a**2 - 36*a + 25. Let t be g(17). Is ((-822)/(-4))/((-5)/(150/t)) a composite number?
True
Let i = -38 + -52. Let j = i + 11. Let x = -12 - j. Is x a composite number?
False
Let p(v) = 422*v**2 + 3*v + 16. Let d be p(-4). Suppose d - 1137 = 3*y. Suppose 2*j - y + 203 = 0. Is j a composite number?
True
Let h = 662 + -617. Is (10/h - 418/18)*-223 composite?
True
Let m = 146 - 142. Is m*4*11697/112 a prime number?
False
Suppose 2*c - 12820 = -4*y - 0*c, 4*y - 12820 = -3*c. Let h(z) = 197*z + 24. Let j be